{"id":6343,"date":"2025-08-18T12:47:16","date_gmt":"2025-08-18T10:47:16","guid":{"rendered":"https:\/\/www.corsobori.com\/tienda\/p\/sofa-emile\/"},"modified":"2025-08-18T12:49:59","modified_gmt":"2025-08-18T10:49:59","slug":"sofa-emile","status":"publish","type":"product","link":"https:\/\/www.corsobori.com\/ca\/tienda\/p\/sofa-emile\/","title":{"rendered":"Sof\u00e0 Emile de Molteni&#038;C"},"content":{"rendered":"<p>Emile, de Christophe Delcourt, \u00e9s l&#8217;expressi\u00f3 de l&#8217;eleg\u00e0ncia modular, el confort i la suavitat. Un sistema de sof\u00e0s din\u00e0mic dissenyat per adaptar-se a les necessitats canviants de la vida contempor\u00e0nia, amb una silueta escultural i un respatller sofisticat d&#8217;altura fluida. El seu disseny, que inclou una trama gr\u00e0fica, li atorga personalitat des de qualsevol perspectiva. La seva naturalesa modular permet configuracions lineals, circulars o semicirculars, oferint un equilibri perfecte entre intimitat i amplitud. Amb diferents profunditats de seient i coixins generosos, Emile garanteix confort personalitzat per a diferents postures i prefer\u00e8ncies. Confeccionat amb precisi\u00f3 i disponible en una acurada selecci\u00f3 de teles i pells de la col\u00b7lecci\u00f3 Molteni&amp;C, \u00e9s un sof\u00e0 ideal per a espais que combinen moviment i tranquil\u00b7litat.     <\/p>\n","protected":false},"excerpt":{"rendered":"<p>Emile, de Christophe Delcourt, \u00e9s l&#8217;expressi\u00f3 de l&#8217;eleg\u00e0ncia modular, el confort i la suavitat. Un sistema de sof\u00e0s din\u00e0mic dissenyat per adaptar-se a les necessitats canviants de la vida contempor\u00e0nia, amb una silueta escultural i un respatller sofisticat d&#8217;altura fluida. El seu disseny, que inclou una trama gr\u00e0fica, li atorga personalitat des de qualsevol perspectiva&#8230;.<\/p>\n","protected":false},"featured_media":6340,"comment_status":"closed","ping_status":"closed","template":"","meta":{"_acf_changed":false},"product_brand":[],"product_cat":[172,215],"product_tag":[],"class_list":{"0":"post-6343","1":"product","2":"type-product","3":"status-publish","4":"has-post-thumbnail","6":"product_cat-mobles-dinterior","7":"product_cat-sofas-ca","9":"first","10":"instock","11":"shipping-taxable","12":"product-type-simple"},"acf":[],"yoast_head":"<!-- This site is optimized with the Yoast SEO plugin v27.2 - https:\/\/yoast.com\/product\/yoast-seo-wordpress\/ -->\n<title>Sof\u00e0 Emile de Molteni&amp;C de Molteni&amp;C | Corsobori<\/title>\n<meta name=\"robots\" content=\"index, follow, max-snippet:-1, max-image-preview:large, max-video-preview:-1\" \/>\n<link rel=\"canonical\" href=\"https:\/\/www.corsobori.com\/ca\/tienda\/p\/sofa-emile\/\" \/>\n<meta property=\"og:locale\" content=\"ca_ES\" \/>\n<meta property=\"og:type\" content=\"article\" \/>\n<meta property=\"og:title\" content=\"Sof\u00e0 Emile de Molteni&amp;C de Molteni&amp;C | Corsobori\" \/>\n<meta property=\"og:description\" content=\"Emile, de Christophe Delcourt, \u00e9s l&#8217;expressi\u00f3 de l&#8217;eleg\u00e0ncia modular, el confort i la suavitat. Un sistema de sof\u00e0s din\u00e0mic dissenyat per adaptar-se a les necessitats canviants de la vida contempor\u00e0nia, amb una silueta escultural i un respatller sofisticat d&#8217;altura fluida. El seu disseny, que inclou una trama gr\u00e0fica, li atorga personalitat des de qualsevol perspectiva....\" \/>\n<meta property=\"og:url\" content=\"https:\/\/www.corsobori.com\/ca\/tienda\/p\/sofa-emile\/\" \/>\n<meta property=\"og:site_name\" content=\"corsobori.com\" \/>\n<meta property=\"article:modified_time\" content=\"2025-08-18T10:49:59+00:00\" \/>\n<meta property=\"og:image\" content=\"https:\/\/www.corsobori.com\/wp-content\/uploads\/2025\/08\/4_3_Emile.jpg\" \/>\n\t<meta property=\"og:image:width\" content=\"1440\" \/>\n\t<meta property=\"og:image:height\" content=\"1080\" \/>\n\t<meta property=\"og:image:type\" content=\"image\/jpeg\" \/>\n<meta name=\"twitter:card\" content=\"summary_large_image\" \/>\n<meta name=\"twitter:label1\" content=\"Temps estimat de lectura\" \/>\n\t<meta name=\"twitter:data1\" content=\"1 minut\" \/>\n<!-- \/ Yoast SEO plugin. -->","yoast_head_json":{"title":"Sof\u00e0 Emile de Molteni&C de Molteni&C | Corsobori","robots":{"index":"index","follow":"follow","max-snippet":"max-snippet:-1","max-image-preview":"max-image-preview:large","max-video-preview":"max-video-preview:-1"},"canonical":"https:\/\/www.corsobori.com\/ca\/tienda\/p\/sofa-emile\/","og_locale":"ca_ES","og_type":"article","og_title":"Sof\u00e0 Emile de Molteni&C de Molteni&C | Corsobori","og_description":"Emile, de Christophe Delcourt, \u00e9s l&#8217;expressi\u00f3 de l&#8217;eleg\u00e0ncia modular, el confort i la suavitat. Un sistema de sof\u00e0s din\u00e0mic dissenyat per adaptar-se a les necessitats canviants de la vida contempor\u00e0nia, amb una silueta escultural i un respatller sofisticat d&#8217;altura fluida. El seu disseny, que inclou una trama gr\u00e0fica, li atorga personalitat des de qualsevol perspectiva....","og_url":"https:\/\/www.corsobori.com\/ca\/tienda\/p\/sofa-emile\/","og_site_name":"corsobori.com","article_modified_time":"2025-08-18T10:49:59+00:00","og_image":[{"width":1440,"height":1080,"url":"https:\/\/www.corsobori.com\/wp-content\/uploads\/2025\/08\/4_3_Emile.jpg","type":"image\/jpeg"}],"twitter_card":"summary_large_image","twitter_misc":{"Temps estimat de lectura":"1 minut"},"schema":{"@context":"https:\/\/schema.org","@graph":[{"@type":"WebPage","@id":"https:\/\/www.corsobori.com\/ca\/tienda\/p\/sofa-emile\/","url":"https:\/\/www.corsobori.com\/ca\/tienda\/p\/sofa-emile\/","name":"Sof\u00e0 Emile de Molteni&C de Molteni&C | Corsobori","isPartOf":{"@id":"https:\/\/www.corsobori.com\/ca\/#website"},"primaryImageOfPage":{"@id":"https:\/\/www.corsobori.com\/ca\/tienda\/p\/sofa-emile\/#primaryimage"},"image":{"@id":"https:\/\/www.corsobori.com\/ca\/tienda\/p\/sofa-emile\/#primaryimage"},"thumbnailUrl":"https:\/\/www.corsobori.com\/wp-content\/uploads\/2025\/08\/4_3_Emile.jpg","datePublished":"2025-08-18T10:47:16+00:00","dateModified":"2025-08-18T10:49:59+00:00","breadcrumb":{"@id":"https:\/\/www.corsobori.com\/ca\/tienda\/p\/sofa-emile\/#breadcrumb"},"inLanguage":"ca","potentialAction":[{"@type":"ReadAction","target":["https:\/\/www.corsobori.com\/ca\/tienda\/p\/sofa-emile\/"]}]},{"@type":"ImageObject","inLanguage":"ca","@id":"https:\/\/www.corsobori.com\/ca\/tienda\/p\/sofa-emile\/#primaryimage","url":"https:\/\/www.corsobori.com\/wp-content\/uploads\/2025\/08\/4_3_Emile.jpg","contentUrl":"https:\/\/www.corsobori.com\/wp-content\/uploads\/2025\/08\/4_3_Emile.jpg","width":1440,"height":1080},{"@type":"BreadcrumbList","@id":"https:\/\/www.corsobori.com\/ca\/tienda\/p\/sofa-emile\/#breadcrumb","itemListElement":[{"@type":"ListItem","position":1,"name":"Portada","item":"https:\/\/www.corsobori.com\/ca\/inici\/"},{"@type":"ListItem","position":2,"name":"Botiga","item":"https:\/\/www.corsobori.com\/ca\/botiga\/"},{"@type":"ListItem","position":3,"name":"Sof\u00e0 Emile"}]},{"@type":"WebSite","@id":"https:\/\/www.corsobori.com\/ca\/#website","url":"https:\/\/www.corsobori.com\/ca\/","name":"Corsobori","description":"","publisher":{"@id":"https:\/\/www.corsobori.com\/ca\/#organization"},"potentialAction":[{"@type":"SearchAction","target":{"@type":"EntryPoint","urlTemplate":"https:\/\/www.corsobori.com\/ca\/?s={search_term_string}"},"query-input":{"@type":"PropertyValueSpecification","valueRequired":true,"valueName":"search_term_string"}}],"inLanguage":"ca"},{"@type":"Organization","@id":"https:\/\/www.corsobori.com\/ca\/#organization","name":"Corsobori","url":"https:\/\/www.corsobori.com\/ca\/","logo":{"@type":"ImageObject","inLanguage":"ca","@id":"https:\/\/www.corsobori.com\/ca\/#\/schema\/logo\/image\/","url":"https:\/\/www.corsobori.com\/wp-content\/uploads\/2024\/08\/logo-corsobori.png","contentUrl":"https:\/\/www.corsobori.com\/wp-content\/uploads\/2024\/08\/logo-corsobori.png","width":1210,"height":146,"caption":"Corsobori"},"image":{"@id":"https:\/\/www.corsobori.com\/ca\/#\/schema\/logo\/image\/"}}]}},"_links":{"self":[{"href":"https:\/\/www.corsobori.com\/ca\/wp-json\/wp\/v2\/product\/6343","targetHints":{"allow":["GET"]}}],"collection":[{"href":"https:\/\/www.corsobori.com\/ca\/wp-json\/wp\/v2\/product"}],"about":[{"href":"https:\/\/www.corsobori.com\/ca\/wp-json\/wp\/v2\/types\/product"}],"replies":[{"embeddable":true,"href":"https:\/\/www.corsobori.com\/ca\/wp-json\/wp\/v2\/comments?post=6343"}],"wp:featuredmedia":[{"embeddable":true,"href":"https:\/\/www.corsobori.com\/ca\/wp-json\/wp\/v2\/media\/6340"}],"wp:attachment":[{"href":"https:\/\/www.corsobori.com\/ca\/wp-json\/wp\/v2\/media?parent=6343"}],"wp:term":[{"taxonomy":"product_brand","embeddable":true,"href":"https:\/\/www.corsobori.com\/ca\/wp-json\/wp\/v2\/product_brand?post=6343"},{"taxonomy":"product_cat","embeddable":true,"href":"https:\/\/www.corsobori.com\/ca\/wp-json\/wp\/v2\/product_cat?post=6343"},{"taxonomy":"product_tag","embeddable":true,"href":"https:\/\/www.corsobori.com\/ca\/wp-json\/wp\/v2\/product_tag?post=6343"}],"curies":[{"name":"wp","href":"https:\/\/api.w.org\/{rel}","templated":true}]}}

Sofà Emile de Molteni&#038;C

<p>Emile, de Christophe Delcourt, és l&#8217;expressió de l&#8217;elegància modular, el confort i la suavitat. Un sistema de sofàs dinàmic dissenyat per adaptar-se a les necessitats canviants de la vida contemporània, amb una silueta escultural i un respatller sofisticat d&#8217;altura fluida. El seu disseny, que inclou una trama gràfica, li atorga personalitat des de qualsevol perspectiva. La seva naturalesa modular permet configuracions lineals, circulars o semicirculars, oferint un equilibri perfecte entre intimitat i amplitud. Amb diferents profunditats de seient i coixins generosos, Emile garanteix confort personalitzat per a diferents postures i preferències. Confeccionat amb precisió i disponible en una acurada selecció de teles i pells de la col·lecció Molteni&amp;C, és un sofà ideal per a espais que combinen moviment i tranquil·litat.     </p>

<p>Emile, de Christophe Delcourt, és l&#8217;expressió de l&#8217;elegància modular, el confort i la suavitat. Un sistema de sofàs dinàmic dissenyat per adaptar-se a les necessitats canviants de la vida contemporània, amb una silueta escultural i un respatller sofisticat d&#8217;altura fluida. El seu disseny, que inclou una trama gràfica, li atorga personalitat des de qualsevol perspectiva&#8230;.</p>

<!-- This site is optimized with the Yoast SEO plugin v27.2 - https://yoast.com/product/yoast-seo-wordpress/ -->
<title>Sofà Emile de Molteni&amp;C de Molteni&amp;C | Corsobori</title>
<meta name="robots" content="index, follow, max-snippet:-1, max-image-preview:large, max-video-preview:-1" />
<link rel="canonical" href="https://www.corsobori.com/ca/tienda/p/sofa-emile/" />
<meta property="og:locale" content="ca_ES" />
<meta property="og:type" content="article" />
<meta property="og:title" content="Sofà Emile de Molteni&amp;C de Molteni&amp;C | Corsobori" />
<meta property="og:description" content="Emile, de Christophe Delcourt, és l&#8217;expressió de l&#8217;elegància modular, el confort i la suavitat. Un sistema de sofàs dinàmic dissenyat per adaptar-se a les necessitats canviants de la vida contemporània, amb una silueta escultural i un respatller sofisticat d&#8217;altura fluida. El seu disseny, que inclou una trama gràfica, li atorga personalitat des de qualsevol perspectiva...." />
<meta property="og:url" content="https://www.corsobori.com/ca/tienda/p/sofa-emile/" />
<meta property="og:site_name" content="corsobori.com" />
<meta property="article:modified_time" content="2025-08-18T10:49:59+00:00" />
<meta property="og:image" content="https://www.corsobori.com/wp-content/uploads/2025/08/4_3_Emile.jpg" />
	<meta property="og:image:width" content="1440" />
	<meta property="og:image:height" content="1080" />
	<meta property="og:image:type" content="image/jpeg" />
<meta name="twitter:card" content="summary_large_image" />
<meta name="twitter:label1" content="Temps estimat de lectura" />
	<meta name="twitter:data1" content="1 minut" />
<!-- / Yoast SEO plugin. -->

Sofà Emile de Molteni&C de Molteni&C | Corsobori

Emile, de Christophe Delcourt, és l&#8217;expressió de l&#8217;elegància modular, el confort i la suavitat. Un sistema de sofàs dinàmic dissenyat per adaptar-se a les necessitats canviants de la vida contemporània, amb una silueta escultural i un respatller sofisticat d&#8217;altura fluida. El seu disseny, que inclou una trama gràfica, li atorga personalitat des de qualsevol perspectiva....

Sofà Emile
